{"id":141,"date":"2016-11-08T11:22:07","date_gmt":"2016-11-08T11:22:07","guid":{"rendered":"https:\/\/raratheme.com\/preview\/numinous\/?page_id=141"},"modified":"2023-11-11T15:35:04","modified_gmt":"2023-11-11T15:35:04","slug":"my-trip-to-greece","status":"publish","type":"page","link":"https:\/\/bioetica.us\/index.php\/my-trip-to-greece\/","title":{"rendered":"INVESTIGACI\u00d3N"},"content":{"rendered":"<p>La Bio\u00e9tica adem\u00e1s de ser una gran disciplina para el discernimiento de un sin n\u00famero de dilemas \u00e9ticos, tambi\u00e9n es muy importante dentro del campo de la investigaci\u00f3n en todo lo que sume al bienestar de las personas sobre todo en aquellos que se encuentran en estado de vulnerabilidad, y tambi\u00e9n en dilemas que ayuden a comprender como servir mejor en nuestra sociedad no solo en el \u00e1rea m\u00e9dica sino en cualquier disciplina que tenga impacto sobre la biolog\u00eda del ser humano<\/p>\n<ul>\n<li>Algunos de los proyectos de investigaci\u00f3n que estamos desarrollando en la actualidad, que est\u00e1n en fase de protocolo o que ya existen publicaciones al respecto son:<\/li>\n<li>Detecci\u00f3n de se\u00f1ales tempranas de autismo <a href=\"http:\/\/www.autismglobalpanel.org\">www.autismglobalpanel.org<\/a><br \/>\nBibliograf\u00eda: Autism research capacity building in Northern Mexico: Preliminary evaluation of an ongoing process. Georgina P\u00e9rez Liz 1, Guillermo Vela 2, 3, Arturo Vela 2, 3, 4, Juan R Maldonado Coronado 5, Patricia S\u00e1nchez Lizardi 6 and Diana L Robins 1<br \/>\nsagepub.com\/journals-permissions DhttOpsI:\/\/1d0o.i1.o1r7g\/71\/01.13167273\/1631632236213124251714857787 journals.sagepub.com\/home\/aut<br \/>\n2023<\/li>\n<li>Estr\u00e9s de la madre y del reci\u00e9n nacido y sus primeros 1000 d\u00edas de vida, impacto sobre el gen del estr\u00e9s.<\/li>\n<li>Suplementaci\u00f3n de complejos de zinc-AA en mujeres durante el embarazo y la lactancia para investigar los efectos sobre la prevalencia del autismo (TEA) Trastorno del Espectro Autista).<\/li>\n<\/ul>\n<p style=\"text-align: justify;\">\n","protected":false},"excerpt":{"rendered":"<p>La Bio\u00e9tica adem\u00e1s de ser una gran disciplina para el discernimiento de un sin n\u00famero de dilemas \u00e9ticos, tambi\u00e9n es &hellip; <\/p>\n","protected":false},"author":1,"featured_media":0,"parent":0,"menu_order":0,"comment_status":"closed","ping_status":"closed","template":"","meta":[],"_links":{"self":[{"href":"https:\/\/bioetica.us\/index.php\/wp-json\/wp\/v2\/pages\/141"}],"collection":[{"href":"https:\/\/bioetica.us\/index.php\/wp-json\/wp\/v2\/pages"}],"about":[{"href":"https:\/\/bioetica.us\/index.php\/wp-json\/wp\/v2\/types\/page"}],"author":[{"embeddable":true,"href":"https:\/\/bioetica.us\/index.php\/wp-json\/wp\/v2\/users\/1"}],"replies":[{"embeddable":true,"href":"https:\/\/bioetica.us\/index.php\/wp-json\/wp\/v2\/comments?post=141"}],"version-history":[{"count":2,"href":"https:\/\/bioetica.us\/index.php\/wp-json\/wp\/v2\/pages\/141\/revisions"}],"predecessor-version":[{"id":683,"href":"https:\/\/bioetica.us\/index.php\/wp-json\/wp\/v2\/pages\/141\/revisions\/683"}],"wp:attachment":[{"href":"https:\/\/bioetica.us\/index.php\/wp-json\/wp\/v2\/media?parent=141"}],"curies":[{"name":"wp","href":"https:\/\/api.w.org\/{rel}","templated":true}]}}